 3191 is divided by 4/(-15 + (-8701)/(-588) + (-3)/(-12))?
83
Suppose 0*h + 25371 = 4*i - 9*h, i - 6334 = 4*h. Calculate the remainder when i is divided by 28.
26
Suppose 354*r - 38962 = -336*r + 184*r. Calculate the remainder when 1845 is divided by r.
74
Suppose 5397 - 5173 = 32*o. What is the remainder when o is divided by (-1 + -1)*(-24)/16?
1
Let s = -45 - -40. Suppose -31 = -2*w + 4*w - 5*r, -4*w - r = 7. Calculate the remainder when 77 is divided by (w/(-5))/(s/(-225)).
23
What is the remainder when 4371 is divided by 2/10*(12 - (-312)/(-16))*-6?
6
Suppose 2971 - 334 - 777 = 31*y. Calculate the remainder when 245 is divided by y.
5
Let h = -6 + 7. Suppose -39 - h = -4*j. Calculate the remainder when 3/21*-134*(-609)/174 is divided by j.
7
Suppose -i + 3*g = -755, 38*g - 33*g = -4*i + 3122. What is the remainder when i is divided by 43?
42
What is the remainder when (332/12 + 37)*(-3)/(-2) is divided by 27?
16
Suppose -y = 431*g - 433*g - 22, 3*g + 23 = y. Suppose -652 = -3*t + 365. What is the remainder when t is divided by y?
19
Suppose -2*r = z + z - 128, 0 = -2*z - r + 123. Suppose -z + 51 = -t. Calculate the remainder when (1*13)/(-1 - -2) is divided by t.
5
Let h be (-17)/(-68) - -226*(-2)/16. Let w = h + 23. Calculate the remainder when 4 is divided by (w - (-72)/16)*(-3 + -1).
0
Let w = -11 - -4. Let r(s) = 6*s**3 + 7*s**2 - 12*s - 2. Let i(u) = -u**3 + u. Let o(j) = 5*i(j) + r(j). Calculate the remainder when o(w) is divided by 5.
2
Let x be (62/3)/(1/3). Suppose -270 = -4*g + x. Suppose 127*l + 45*l - 7224 = 0. Calculate the remainder when g is divided by l.
41
Let h(a) = -a**3 + 39*a**2 - 102*a + 96. Calculate the remainder when h(36) is divided by 10.
2
Let w(i) = i**3 + 8*i**2 + 4*i + 7. Suppose 3*l = -7*l + 9*l. Suppose -f = o - 78 - 31, 3*f = l. What is the remainder when o is divided by w(-7)?
25
Let p(d) = 46*d**3 - 42*d**2 + 38*d + 2. Calculate the remainder when -1 + 1*2*42 is divided by p(1).
39
Suppose 13296 = 51*n - 219. Calculate the remainder when 321 is divided by (-1 + -1 + -3)*(-2491)/n.
39
Let f(n) = n**2 - 9*n + 5. Suppose -8*x + 3*x + 55 = 0. What is the remainder when (32/3)/(-8)*159/(-4) is divided by f(x)?
26
Let m be -3*(-18)/(-189) + (-256)/(-14). Let g(y) = y + 68. Calculate the remainder when g(m) is divided by 45.
41
Let y(t) = 2*t**2 - 9*t - 26. Let m be 4/14 + ((-300)/(-28) - 2). Calculate the remainder when y(m) is divided by 10.
5
Suppose -207 = u + 2*u. Let j = 119 + u. Suppose -5 = s, 2*i - j = -2*i + 2*s. Calculate the remainder when 14 is divided by i.
4
Let t be (-3 - (0 + -4))*-17. Let f(q) = -q**3 - 17*q**2 - 2*q - 30. Let u be f(t). Calculate the remainder when 19 is divided by (-1 - 2)/(u/((-80)/15)).
3
Suppose 2*d + 8 = -4*h + 6*d, -2*h - 4 = -3*d. Calculate the remainder when 12/10*10 - h is divided by 6.
2
Suppose 14*y = -18 - 178. Calculate the remainder when 28 is divided by 3 + (-7 - (-6 + y)).
12
Let z(s) = s**3 - 4*s**2 - 4*s - 1. Let g be z(5). Let k = -61 + 66. Calculate the remainder when 66/g + 1/2 is divided by k.
2
Let r(c) = -c**3 + 27*c**2 - c + 30. Let m be r(27). Calculate the remainder when 104 + 3/m*1 is divided by 18.
15
Suppose 5*z = -5*o + 605, -3*o + 2560 = 5*z + 2215. Calculate the remainder when 140 is divided by o.
10
Suppose 3*c - 4*i - 2284 = 0, -4*i + 1918 = 3*c - 382. What is the remainder when 793 is divided by c?
29
Let x be 872/(-14) - 12/(-42). Let u = x + 69. Suppose 0*p = u*p - 140. Calculate the remainder when 118 is divided by p.
18
Let l be (0/(-1))/(0 - -1). Suppose l = 4*u - 48 + 12. Suppose o = -0*o + 14. What is the remainder when o is divided by u?
5
Let n = 3455 - 3262. Calculate the remainder when n is divided by 77.
39
Let f(w) = -2*w**3 + 3*w**3 - 5 + 27*w**2 - 25*w**2 - 5*w. Let t be f(-3). Calculate the remainder when 111 is divided by (-16)/3*((-50)/8 + t).
27
Suppose -45*h = -42*h. Suppose -4*c = h, -c - 3*c = 2*u - 24. Suppose 0 = 8*j - 10*j + u. Calculate the remainder when j is divided by 1.
0
Let z(d) = d**3 - 51*d**2 - 45*d - 277. Suppose -o - 4 = 0, o + 4158 = 4*w + 1378. Calculate the remainder when w is divided by z(52).
85
Suppose 5*y - 28 = -3*q + 36, -9 = -3*q. Let x(g) = g**2 - 17*g + 72. Calculate the remainder when 46 is divided by x(y).
4
Let d be 4/((-4)/1 + 16 + -10). Suppose -2*f + 181 = g, -4*f + 3*g - d*g + 359 = 0. Calculate the remainder when f is divided by 23.
21
Let f(w) = 84*w**3 - 3*w**2 - 138*w + 285. What is the remainder when f(2) is divided by 18?
3
Let d(x) = x**2 + x + 137. Let c be d(0). Let i = 341 - -195. Suppose 133*f + i = c*f. What is the remainder when f is divided by 17?
15
Suppose 110 + 107 = 31*h. Suppose h*j + 91 - 462 = 0. What is the remainder when 582 is divided by j?
52
Suppose -4*w = 3*t - 2181, -3*w + 127*t = 125*t - 1640. What is the remainder when 1666 is divided by w?
28
Suppose 0 = 3*p - p - 304. Suppose 2*m - 224 + p = 0. Calculate the remainder when m is divided by 8.
4
Let l be (4/(-10))/(10/(-25)). Let a be (4 - 4/4)*1/l. Suppose -n + a = 1. Calculate the remainder when 8 is divided by n.
0
Let n = 1016 + -556. Suppose 3*p = -103 + n. What is the remainder when p is divided by 30?
29
Let o(c) = 10*c**3 - 16*c**2 + 40*c - 15. What is the remainder when 3154 is divided by o(2)?
76
Suppose 2*s = 5*h - 517, 2*h - 409 = -2*h - 3*s. Calculate the remainder when h is divided by 13.
12
Let u(h) = -h**3 + 2*h**3 + 4*h**3 - 3*h - h**2 - 4*h**3. Suppose x = 3*y - 72 - 26, 5*y = 4*x + 161. Calculate the remainder when y is divided by u(3).
6
Suppose -16 = 6*p + 170. Let g = 26 + p. Calculate the remainder when (g/10)/((-4)/448) is divided by 16.
8
Let r(q) = -13*q - 118. Let l be r(20). Let c = l - -417. What is the remainder when 77 is divided by c?
38
Let b = 3630 + -3352. What is the remainder when b is divided by 126?
26
Let z = 208 + -203. Calculate the remainder when 43/6 - (-2)/(-12) is divided by z.
2
Let u(n) = 2*n**2 + n - 4. Suppose 8*m - 164 = 6*m - 2*g, 0 = 4*g. Calculate the remainder when m is divided by u(3).
14
Let j(y) = 18*y + 174. Suppose 3*k - 8*k - 4*s - 22 = 0, -5*s = -5*k - 40. Calculate the remainder when j(k) is divided by 18.
12
Let h be (-2*1/(-4))/((-1)/(-98)). Let m = h - 38. Calculate the remainder when m is divided by 11.
0
Suppose -88*y + 605 + 143 = -396. What is the remainder when (-4 + 1 + 2)*-43 is divided by y?
4
Suppose -492 = -5*n - 4*w, -107*w = 2*n - 98*w - 145. What is the remainder when 2824 is divided by n?
16
Calculate the remainder when 307 is divided by -125*((-216)/180 - (2 + -3)).
7
Let v(b) = -41*b**3 - 31*b**2 - 54*b + 5. What is the remainder when v(-2) is divided by 14?
9
Suppose -336*p + 1073460 = -15*p - 535071. Calculate the remainder when p is divided by 218.
215
Let j(b) = b**2 - 124*b + 66. Calculate the remainder when 1978 is divided by j(0).
64
Suppose -31*r = 4 + 58. Let w(y) = -y**3 + 10*y**2 - y - 10. What is the remainder when (16/(-32) - (r + 2))*-488 is divided by w(9)?
58
Let b = -14 - -34. Suppose 58*k - 25 = 33*k. Calculate the remainder when (-6)/(-1)*10/b is divided by k.
0
Suppose 783*n - 900 = 723*n. Calculate the remainder when 657 is divided by n.
12
Suppose j + 272 = 5*x, x = -5*j + 10 + 34. What is the remainder when 134 is divided by x?
26
Let r = 129 + -190. Let z = 74 + r. Suppose 0 = -3*x + 3*j + 78, 3*x + 5*j - 3*j = 63. Calculate the remainder when x is divided by z.
10
Let y = -23 - -26. Suppose y*o - 5*w = 57 + 6, -4*o + 84 = w. Calculate the remainder when 10*4*(3 + -5)/(-2) is divided by o.
19
Let p be (171/(-36) - (-3)/4) + 6. Suppose 129 - 79 = p*g. Let v = 4 - -4. Calculate the remainder when g is divided by v.
1
Let z = -28 - -52. What is the remainder when -5 - 1*78*39/(-26) is divided by z?
16
Let w(x) = x**3 + 18*x**2 - 33*x - 5. Let k be w(-19). Suppose 63*t - k = 54*t. Calculate the remainder when 141 is divided by t.
25
Suppose -2*l + l + 11 = 0. Suppose 5*c - 2*s = 296, 2*c - 79 = 3*s + 35. What is the remainder when c is divided by l?
5
Suppose -9378 - 2122 = -23*d. Let c = 1038 - d. What is the remainder when c is divided by 60?
58
Suppose 77*w - 5*w + 11311 - 75319 = 0. Calculate the remainder when w is divided by 68.
5
Suppose 23*o + 8686 = 109*o. Calculate the remainder when 595 is 